{"version":"1.0","provider_name":"Famille Rouvinez","provider_url":"https:\/\/famillerouvinez.com\/de\/","author_name":"Christophe","author_url":"https:\/\/famillerouvinez.com\/de\/author\/ad-mn98zrdk-43x\/","title":"Die ganze Schweiz pflanzt Reben! Auch im Appenzell! - Famille Rouvinez","type":"rich","width":600,"height":338,"html":"<blockquote class=\"wp-embedded-content\" data-secret=\"8nyBQhj1UA\"><a href=\"https:\/\/famillerouvinez.com\/de\/defi\/die-ganze-schweiz-pflanzt-reben-auch-im-appenzell\/\">Die ganze Schweiz pflanzt Reben! Auch im Appenzell!<\/a><\/blockquote><iframe sandbox=\"allow-scripts\" security=\"restricted\" src=\"https:\/\/famillerouvinez.com\/de\/defi\/die-ganze-schweiz-pflanzt-reben-auch-im-appenzell\/embed\/#?secret=8nyBQhj1UA\" width=\"600\" height=\"338\" title=\"&#8222;Die ganze Schweiz pflanzt Reben! Auch im Appenzell!&#8220; &#8211; Famille Rouvinez\" data-secret=\"8nyBQhj1UA\" frameborder=\"0\" marginwidth=\"0\" marginheight=\"0\" scrolling=\"no\" class=\"wp-embedded-content\"><\/iframe><script type=\"text\/javascript\">\n\/* <![CDATA[ *\/\n\/*! This file is auto-generated *\/\n!function(d,l){\"use strict\";l.querySelector&&d.addEventListener&&\"undefined\"!=typeof URL&&(d.wp=d.wp||{},d.wp.receiveEmbedMessage||(d.wp.receiveEmbedMessage=function(e){var t=e.data;if((t||t.secret||t.message||t.value)&&!\/[^a-zA-Z0-9]\/.test(t.secret)){for(var s,r,n,a=l.querySelectorAll('iframe[data-secret=\"'+t.secret+'\"]'),o=l.querySelectorAll('blockquote[data-secret=\"'+t.secret+'\"]'),c=new RegExp(\"^https?:$\",\"i\"),i=0;i<o.length;i++)o[i].style.display=\"none\";for(i=0;i<a.length;i++)s=a[i],e.source===s.contentWindow&&(s.removeAttribute(\"style\"),\"height\"===t.message?(1e3<(r=parseInt(t.value,10))?r=1e3:~~r<200&&(r=200),s.height=r):\"link\"===t.message&&(r=new URL(s.getAttribute(\"src\")),n=new URL(t.value),c.test(n.protocol))&&n.host===r.host&&l.activeElement===s&&(d.top.location.href=t.value))}},d.addEventListener(\"message\",d.wp.receiveEmbedMessage,!1),l.addEventListener(\"DOMContentLoaded\",function(){for(var e,t,s=l.querySelectorAll(\"iframe.wp-embedded-content\"),r=0;r<s.length;r++)(t=(e=s[r]).getAttribute(\"data-secret\"))||(t=Math.random().toString(36).substring(2,12),e.src+=\"#?secret=\"+t,e.setAttribute(\"data-secret\",t)),e.contentWindow.postMessage({message:\"ready\",secret:t},\"*\")},!1)))}(window,document);\n\/\/# sourceURL=https:\/\/famillerouvinez.com\/wp-includes\/js\/wp-embed.min.js\n\/* ]]> *\/\n<\/script>\n","thumbnail_url":"https:\/\/famillerouvinez.com\/wp-content\/uploads\/2021\/10\/images_viticulture_vigne-appenzell.jpg","thumbnail_width":524,"thumbnail_height":393,"description":"Doch seit einigen Jahren malen die Statistiken ein d\u00fcsteres Bild und lassen darauf schliessen, dass in der Schweiz immer weniger Wein getrunken wird. In einer Gesellschaft, die etwas sauberm\u00e4nnisch und moralinsauer geworden ist, mag es unvermeidlich sein, dass der Weinkonsum sinkt, doch die Qualit\u00e4t nimmt zu! Die Umweltschutzbewegung setzt sich ebenfalls f\u00fcr lokale Weine ein [&hellip;]"}

Doch seit einigen Jahren malen die Statistiken ein düsteres Bild und lassen darauf schliessen, dass in der Schweiz immer weniger Wein getrunken wird. In einer Gesellschaft, die etwas saubermännisch und moralinsauer geworden ist, mag es unvermeidlich sein, dass der Weinkonsum sinkt, doch die Qualität nimmt zu! Die Umweltschutzbewegung setzt sich ebenfalls für lokale Weine ein [&hellip;]
